19 + (-15 - -1) + -63.
-58
Calculate 54 + -39 + 12 + 3 - 10.
20
Calculate -9 + 2 - (-6 + -4 + 8 + (-9 - -11)).
-7
What is the value of 9 + -5 + (1 - 6) - (-40 - -15)?
24
Calculate (48 - (43 + -8)) + (0 - -45).
58
What is the value of 1698 - 1699 - (0 + -11 + 1)?
9
Evaluate 39 + (-19 - (-2 + 7)) + -19.
-4
-21 - (-36 + -18) - 26
7
What is the value of (-92 - -62) + 2 + -129 + 3 + 21?
-133
Calculate (15 - 45 - -11 - -12) + (-1 - -21).
13
122 + -31 - (141 + -38)
-12
(22 - 32 - -14 - -64) + -19
49
What is -138 - -67 - -128 - (-2 - -11)?
48
What is (212 - 124) + -12 + -38 + 19?
57
Calculate -40 + 104 + (-13 - -31) + 38.
120
What is the value of 42 + 6 + (-55 - -32)?
25
Calculate 0 + (1 - 4) + 11 + -145 + 104.
-33
What is -4 + 5 + -2 + (-1551 - -1579)?
27
(-6 - 7) + 8 - (39 + 7 + -7)
-44
What is (-33 - -51 - (12 + -12)) + (2 - -6)?
26
What is 23 + -43 - ((-15 - 0) + 30)?
-35
Evaluate 6 + -23 + (106 - (24 - 31)).
96
(42 - 60) + (2 - -4) + (82 - 4)
66
Calculate 9 - (0 + 3 - (29 + -20)).
15
Calculate -17 + 2 + -295 + 276 + (0 - -11).
-23
What is the value of (-86 - -8) + -10 + (-14 - (0 + -32))?
-70
Evaluate -810 - -737 - (2 + -44).
-31
Calculate (-2848 - -2840) + 1 + 76.
69
What is the value of (-64 - (-189 - -98)) + 72?
99
29 - (47 + (-24 - -60))
-54
What is the value of 1 + (-3 - -1) - (-4 - (4 + -19))?
-12
4 - (5 + -11) - (33 + (-64 - -20))
21
Evaluate -1 + (2 + 0 - 2) + (44 + -164 - -211).
90
Calculate (16 + -11 + -17 - 4) + 5.
-11
109 + -64 - 107 - -30
-32
-18 - (8 + (-14 - (-16 + 3)) - 110)
85
0 + -1 - 35 - (9 - 5 - (-198 - -192))
-46
What is -12 - (-44 + (-75 - -37))?
70
What is the value of (11 - (-13 - -32)) + (32 - 1 - 7)?
16
What is the value of (-30 + 23 + 11 - 40 - -12) + 111?
87
What is the value of (4 + -79 - -2) + 56?
-17
Calculate -3 - ((9 - 1) + (-160 - -159) + -4).
-6
(142 + -316 - -191) + (2 - -53 - 2)
70
What is (148 + -146 + (1 - -1) - -59) + 7 - -7?
77
What is the value of -111 + -1 + -438 + 637?
87
Calculate (416 - 426) + (1 - (0 - (-2 + 4) - 12)).
5
What is 1 + -2 + (16 - (-31 - (17 + -20))) - -6?
49
-101 + 97 + 20 - ((1 - 0) + -6)
21
Evaluate 32502 + -32553 - (-2 + -1 + (0 + 1 - 1)).
-48
What is the value of 24 - (4 - (-44 + 41)) - 108?
-91
Calculate 0 + 4 + 3 + (1 - -4) + 38.
50
What is the value of -21 - (42 + -9 + -66)?
12
What is -40 + 17 + -7 + 36 - 12?
-6
Evaluate -27 - (1 + 4 + -10 - (-25 + 13)).
-34
Calculate -4 + 9 + -14 - 28 - (2 + 4).
-43
What is the value of -51 + (13 - (4 + -3 + 18) - -8)?
-49
Calculate -55 + (-1 - -58 - 38).
-36
What is (-3908 - -3886) + (3 - (0 + 43))?
-62
Calculate (-42 - -107) + -80 + 19.
4
What is the value of 35 + (-821 - -832 - (4 + 3 + 4))?
35
Evaluate -42 - (27 + 32 + -79 + 24).
-46
17 + -1 - (-63 - -23) - (3 - (4 + 0))
57
What is the value of -1 - 0 - -20 - (83 - (129 - 58))?
7
What is -26 + 0 + -3 + 15 + 0 + (-46 - -32)?
-28
What is the value of -2 - -4 - (-698 - -705) - (46 + 0)?
-51
What is the value of (1 - -9) + (540 + -540 - (1 + 15)) + 66?
60
Calculate -3 + 23 + -16 - -2 - 4 - -1.
3
What is the value of 118 + (57 - 61 - (-7 + 2)) + -11?
108
What is (-9 - -8) + (-88 - -24)?
-65
8 - -13 - 8 - (-5 - -48)
-30
What is the value of (-119 - -126) + -124 + 26?
-91
What is (0 - 1) + (-29 - (32 - 15 - 19))?
-28
Calculate -18 - (-13 - (43 - 69)).
-31
Calculate (50 - 0) + 1090 + -1180.
-40
Calculate -26 - ((-29 - (-54 + 14)) + 2).
-39
Evaluate -65 + (17 - 5) + 76.
23
Evaluate 74 + 36 - (125 + -1).
-14
What is the value of (-109 - -124) + (0 + -52 - (-45 - -49))?
-41
What is -12 + 1 - (4 + 14 + -21 + 5 + 31)?
-44
-61 + 2 - (-219 - -194)
-34
What is 101 - (-67 + 111) - -31?
88
(-1 + 2 - 2) + -90 - (-919 - -524 - -388)
-84
What is the value of 19 + (-5 - 2) + -59 + 6?
-41
What is -2 + -7 - -2 - (-2031 + 2004)?
20
Evaluate -21 + -29 + 3 + (37 - 33).
-43
Calculate -10 + (-122 - -10) + 11 + (-13 - -13) + 5.
-106
5 + -55 + (-24 - -13 - -43)
-18
3 - 0 - (-138 - -132)
9
What is the value of 48 + -65 + (5 - 12) + 10?
-14
Calculate 4 - (56 - 11) - -93.
52
What is (317 + -323 - (5 - 1 - (-1 + 9))) + -61?
-63
Evaluate -11 - -1 - (28 + -14 + -5 - -27).
-46
What is 18 + 2 + 125 + -155 + 32?
22
Evaluate 8 + (14 - (-27 + 80)) + -77.
-108
0 - -37 - (-5291 - -5283)
45
Calculate -60 - (20 + -111 - -1).
30
What is the value of (126 - 55) + -45 + (3 - 13)?
16
What is 2 - ((-1 - -3) + 9) - -11 - (0 - 61)?
63
Calculate -45 + 12 + (-7 - -1) + -12 + 10.
-41
What is the value of -4 + 25 - (-6 + -8 + (15 - 24) + 14)?
30
Evaluate 13 - (-11 + (22 - 15) + 5 + -3).
15
What is -107 + (5 - -22 - (-39 - (-43 + -2)))?
-86
Calculate -1 - 7 - (106 - 24 - 40).
-50
Evaluate (32 - 33) + 34 - (-121 + 73).
81
What is the value of 0 + (-16 - -2) + (-2 + 16 + 17 - 30)?
-13
What is the value of -1 + 0 - 12 - (-26 - -22 - 70)?
61
What is the value of -3 + -8 + 62 - (-20 - -7 - -16 - 12)?
60
What is 13 + (-24 - -7) - (42 - 21)?
-25
What is -31 + (47 - 1) - (-21 - -4)?
32
Calculate 24 + 7 + (5 - 12).
24
Evaluate -10 - ((-2 - -2) + (-29 - -18) + 15).
-14
What is 6 + (-9 + 21 + -11 - (-2 + 2 - -95))?
-88
What is the value of 89 - (-44 + 99) - -105?
139
-3 - 21 - (31 + 15 + 15)
-85
What is -15 + -16 + 53 + -15 - 4?
3
What is (-30 - -9) + 19 - ((0 - -3) + 5 + -18)?
8
58 + -2 - 1 - (-228 + 141 + 100)
42
(-3356 - -3357) + (-1 - 3 - 19)
-22
What is -53 - (48 + -44) - -43?
-14
What is the value of (-32 - (-40 + (21 - 4))) + 36?
27
What is the value of 4 + (-10 - -9) - (8 - 34)?
29
What is the value of -10 + (-18 - (15 + -5)) - (1 + 1 - 8)?
-32
Evaluate 84 - 24 - (44 - 23 - 0).
39
6 - (14 + -5) - (-207 + 271 + -14 + -1)
-52
(-9 + 14 - 57) + -8 - (-93 + 82)
-49
(-9 + 50 - 69 - 10) + (-13 - 2)
-53
What is the value of -18 + 10 + -4 + -5 - 0?
-17
Evaluate 7 + 3 + -64 + (-5 + 19 - 16 - -5).
-51
(70 + -134 - -44) + 0 + 0
-20
Evaluate -1 + (-13 - -18) + 7 - (14 - 1).
-2
What is the value of -18 - (-4 + 5 - 13 - (-570 - -555))?
-21
-74 + (9 - 85) - -97
-53
Calculate -30 - (1168 + -1173 - (0 + (1 - 9) - 0)).
-33
-3 + 9 + -16 + 0 + (-37 - -57)
10
(-1 - 6) + 0 + -2 + -3 + 37 + -90
-65
What is 197 + (33 - 143) + -17?
70
Evaluate -34 + 4 - (-82 - 2) - 7.
47
Calculate (-1414 - -1445) + (2 - 42).
-9
What is (631 - 647) + (27 - 1) - (2 - 1)?
9
Evaluate -35 + 30 - (2 - -3) - 3 - -43.
30
Evaluate 203 + -194 - (-16 + 10) - (22 + 1).
-8
6 + 34 - (-39 + 29 + (7 - -3))
40
Evaluate (19 - (62 - 54)) + -8 + -1 - 57.
-55
Calculate -29 - (-236 + 142) - -69.
134
What is the value of 9 - (-4 - (-13 + (-13 - -12))) - 1 - 56?
-58
42 - 75 - (-40 - 71)
78
Calculate 16 + (25 + -6 - ((-8 - (5 - 25)) + -2)).
25
What is the value of -3 + ((-13 - 10) + 6 - (3 + -14))?
-9
Evaluate 37 - (2 + -1 + (22 - -20) + -30).
24
Calculate -128 + 126 + (-1 - 1) - 22.
-26
What is the value of 108 + -18 + -66 - (7 + -63)?
80
Evaluate (21 + -50 - (-20 - 6)) + -32 + (-8 - -6).
-37
Evaluate 0 - 8 - -17 - (16 + 9).
-16
Evaluate (-16 + 27 - 16) + 6 - (-1 - (46 + 2)).
50
What is -17 + 24 + -38 + -12?
-43
Calculate (-17 - (-40 + 26)) + (-11 - (-4 - (0 - 6))).
-16
What is -295 + 255 - (8 - 27)?
-21
Calculate (0 - (-14 + (0 - 11) + 26)) + -36.
-37
What is -86 + ((-1 - -1) + -19 + 6 - -23) - -2?
-74
Evaluate 114 - (-13 - (22 + -18 + -25) - 16).
122
430 + -305 + (7 - 9 - 17)
106
20 + 9 + -27 - (7 + -3 + -4)
2
Calculate (106 - 0) + 6 + (1 - 9) + (15 - 28).
91
What is 48 + (-8 - (-3 - (29 - 18)))?
54
Evaluate (-152 - -3) + (1250 - 1202).
-101
Calculate 8 + (-7 - (13 - 19)) - ((-4 - 24) + 6).
29
Evaluate -19 + 50 + -22 + -5.
4
What is the value of (-3 - -7) + -131 + 137?
10
What is the value of 37 + -90 - -35 - 7?
-25
7 + 45 + (-65 - -7)
-6
(-2 - (-11 + -14) - 89) + 1 + 11
-54
What is -25 + (21 + 2 - 21) + 1 + 11 - 13?
-24
Evaluate -12 + -21 + 37 + 1 + -55.
-50
(5 - (0 + 3)) + -11 - (-22 + 49)
-36
(61 - (33 + 52)) + -70 + -1 + 8
-87
Evaluate -77 - (-53 + (-41 - -37)).
-20
What is the value of 5 - 5 - (-98 + 41 - (-4 + 1 + 4))?
58
Evaluate -28 + (-16 - -18 - (0 + 4)) - (506 - 503).
-33
(-50 + 77 - 136) + (5 + 1 - (-2 - -7))
-108
What is the value of 16 - (-38 - -63 - (20 + 2))?
13
-61 - 39 - -162 - 101
-39
-1 + -9 - -1 - ((89 + -51 - -27) + -179)
105
What is the value of (-221 - -250) + 31 + 18?
78
What is the value of 1 + 9 - (-2181 - -2211)?
-20
What is the value of (2 - 7 - (11 - (39 - 23))) + -24?
-24
What 